d?
2, 7
Let m(g) = -3*g**2 - 3*g - 4. Let f(r) = -7*r**2 - 5*r - 7. Let c(n) = 2*f(n) - 5*m(n). Let j be (0 + 1)*(0 - 5). List the prime factors of c(j).
2, 3
Suppose 0 = -5*z + o + 25, -17 = -z - 2*z + o. Let m(g) = -3*g + 2. Let n be m(z). List the prime factors of n/(-4 + 2) + -2.
3
Let r = -1 + 1. Suppose 6*j - 3*j = 5*a - 30, r = 5*j. What are the prime factors of 0 + (a - (0 - 0))?
2, 3
List the prime factors of (-10)/(((-7)/(-20))/(-7)).
2, 5
Let o be 3/(-12) - 2/(-8). List the prime factors of o - 1 - -7*1.
2, 3
Let r = -19 + 25. What are the prime factors of r?
2, 3
Let j(i) be the first derivative of 5/2*i**2 + 4 + 1/3*i**3 + 6*i. List the prime factors of j(-4).
2
Suppose -l + 22 = s + 2*l, 0 = -5*l + 5. What are the prime factors of s?
19
Suppose 4*g = -4*b + 32, b - 5*g + 2*g + 12 = 0. List the prime factors of b.
3
Let r(v) = -v**3 + 5*v**2 - v + 7. Let h be r(5). Let y be h + (31 - 6/(-2)). Suppose 0*n + y = 2*n. List the prime factors of n.
2, 3
Let u(f) = -f**3 - 7*f**2 + 10. Let m = -4 + 3. Let b be m/(3/(-42)*-2). What are the prime factors of u(b)?
2, 5
Suppose -3*p + i + 6 = 0, -2*p + 0*p + 3 = -i. Suppose -z + 5*w + 63 = p*z, 0 = -5*z - 4*w + 89. Suppose 3*x - z = -5. List the prime factors of x.
2
Suppose -2*l = 3*l - 190. What are the prime factors of l?
2, 19
Suppose -2*q - q + 27 = 0. Let h = 23 - q. List the prime factors of h.
2, 7
Let c(z) = -z**3 - z + 6. Let o be c(0). Let n(v) = v**2 - 4*v - 4. Let g be n(o). Suppose -2*l = g, 4*y - l - 68 = -0*l. List the prime factors of y.
2
Suppose 2*x - 25 = -5*t, -4*x - x = t - 5. Suppose t*z - 2*r = 14, 3*r + 1 = 2*z - 9. What are the prime factors of z?
2
Let h(p) = 2*p**2 - 25*p - 1. What are the prime factors of h(13)?
2, 3
Let n = -4 + 5. Let m be (-4 - 1) + (2 - n). What are the prime factors of (-7)/(-4) + (-1)/m?
2
Let h(b) = -3*b - 9*b**3 - 7 + 8*b**3 - 5*b**2 + 0. Suppose -2*a + 10 = -4*a. List the prime factors of h(a).
2
Let r(y) = y. Let w be r(5). Suppose w*g = -26 - 9. Let m = 20 + g. What are the prime factors of m?
13
Suppose -4*z + 67 = -85. List the prime factors of z.
2, 19
Let d(t) = -t**3 + 7*t**2 + 4*t + 2. List the prime factors of d(6).
2, 31
Let q(y) be the second derivative of y**5/20 - y**4/12 - 2*y**3/3 + 2*y**2 + 10*y. What are the prime factors of q(4)?
2, 3
Suppose -4*a - 8 = 4*q, 0*q + 3*a + 8 = -2*q. Let j(d) = 2*d**2 - 2*d - 2. What are the prime factors of j(q)?
2
Suppose 5*l = h - 8, -3*h - 8 = -2*h + 3*l. Let v be 2*-2*3/h. Suppose 0 = -3*n - 0 + v. List the prime factors of n.
2
Suppose -108 = -2*w - 4*d, 3*w = 4*w - 2*d - 66. Suppose -z - w = -6*z. Let q = 18 - z. What are the prime factors of q?
2, 3
Suppose y - 16 = 3*k, 3*y + 13 = y - 3*k. Suppose -q = -18 - y. What are the prime factors of q?
19
Suppose 0 = x - 99 - 16. List the prime factors of x/3 - 6/(-9).
3, 13
Let n(u) = -u**3 + 13*u**2 - 14*u - 21. What are the prime factors of n(11)?
67
Suppose 44 = 6*v - 4*v. Suppose -2*p - 5*o + v = 0, 4*p - 2*o + o = 88. What are the prime factors of p?
3, 7
Let x be 28 + 0/((-4)/4). Let h = 52 - x. List the prime factors of h.
2, 3
Let h(r) = r**3 - 6*r**2 - r + 8. Suppose -5*o - 2*i + 34 = -0*o, -3*o + 3*i + 12 = 0. Let t be h(o). Suppose -3 = -t*v + 5. List the prime factors of v.
2
Suppose 0 = 7*f - 2*f + 20. List the prime factors of 7 - 6*2/f.
2, 5
Suppose 4*f - 122 = 130. What are the prime factors of f?
3, 7
Suppose -3*b + 83 = 2*m, 0 = 5*m - b - 187 - 12. Suppose q = 3*p + 2, 0 = -q - q - 3*p + m. List the prime factors of q.
2, 7
Let y(k) = k**3 - 5*k**2 + 1. Let d be y(5). Let b be 1 + -1 + 0 - d. List the prime factors of 1/b*(-5 - 2).
7
Suppose -7*n - 13 = -62. What are the prime factors of n?
7
Let h be ((-54)/(-15))/(3/15). What are the prime factors of h/6*(-26)/(-6)?
13
Let c(j) = -j + 15. Let s be c(9). Let z = s + -2. What are the prime factors of z?
2
Suppose 3*c - 24 = -12. Suppose -42 = -2*l - 0*l. What are the prime factors of (l/c)/((-15)/(-40))?
2, 7
Let f = -15 - -20. Suppose 0 = r + f*x - 33, -x = 3*r - 22 - 63. List the prime factors of r.
2, 7
Let u(c) = c**2 + 9. Let x be u(5). Let k = x + -9. List the prime factors of k.
5
Let o(r) be the first derivative of r**3/3 - 3*r**2 + 7*r - 1. List the prime factors of o(7).
2, 7
Let h = 1 + -2. Let x(i) = 1 - 6*i - 4*i + 13*i**2 + 9*i - 2. List the prime factors of x(h).
13
Let r(i) = 2*i**2 + 12*i + 11. Let h be r(-8). Let s be ((h + -1)/3)/2. Suppose 0 = -3*g - s + 22. What are the prime factors of g?
5
Let r = 4 - 1. Suppose 1 = -r*k + 10, 4*a - 5*k = -27. Let x(y) = -y**2 - 5*y - 1. What are the prime factors of x(a)?
5
Let q(k) = k + 3. Let t be q(-9). Let f(c) = -c**3 - 5*c**2 + 5*c - 6. Let v be f(t). Suppose v*j - j + 7 = 0. What are the prime factors of j?
7
Suppose 4*g + 20 = -4*a - 8, g - 3*a + 3 = 0. Let t(f) = -f**3 - 7*f**2 - 8*f - 9. Let h be t(g). Suppose -36 = -h*j - j. List the prime factors of j.
3
Let l = 11 - 8. Suppose -4*y + l*q + q = -52, 5*y + q = 89. Suppose h - y = -4*x + 2*x, 5*h - 22 = -x. List the prime factors of x.
7
Let g(q) be the third derivative of -q**5/15 - q**4/24 + 2*q**3/3 + q**2. Let h be g(3). Let m = -25 - h. List the prime factors of m.
2, 5
What are the prime factors of 49 - (3/1 + 0)?
2, 23
Let s = 68 + -37. Let l = 44 - s. What are the prime factors of l?
13
Let r(j) = 8*j**2 - 3*j + 1. What are the prime factors of r(-3)?
2, 41
Suppose 3*j + q + 3 = j, 9 = -3*q. Suppose j*b + 3*b = 15. What are the prime factors of b?
5
What are the prime factors of 5*(-37)/(-2) + 3/(-6)?
2, 23
Let s be (-10)/(-4)*16/(-20). List the prime factors of s/11 - 422/(-22).
19
Let r(h) = -3*h + 2. Let k(m) = -2*m + 5*m - 1 - 2*m. Let p(g) = 4*k(g) + r(g). List the prime factors of p(4).
2
Let u = -108 + 155. What are the prime factors of u?
47
Suppose 4*z + r = 339, 0 = 8*r - 4*r + 20. What are the prime factors of 6/15 + z/10?
3
Let g(l) = l**3 - 5*l**2 - 5*l + 2. Let v(j) = 3*j - 1. Let d be v(1). Suppose -18 = -d*q + 3*p, -p - 6 = 2*p. What are the prime factors of g(q)?
2
Let n = -35 - -52. Let v = 25 - n. List the prime factors of v.
2
Let y(z) = 8*z - 5 + 6 - 6 + 3. List the prime factors of y(3).
2, 11
Let j be 2/7 + 750/21. Suppose -3*o = -48 - j. Let y = o + -16. What are the prime factors of y?
2, 3
Let o(l) = 2*l**2 + 1. Let p be o(2). Let a = 18 - p. What are the prime factors of a?
3
Suppose -w = 3*w - 88. Let t(m) = -14*m**2 + 1. Let f be t(1). Let l = w + f. What are the prime factors of l?
3
List the prime factors of 9/(1/(-2 - -5)).
3
Let t be (14/2)/((-6)/(-66)). Suppose 15 = 4*n - t. Let s = -14 + n. What are the prime factors of s?
3
Let r = 8 + -10. List the prime factors of -5*(-1)/r*-2.
5
Let m(y) = -3*y**2 - 6*y + 7. Let i(v) = 8*v**2 + 18*v - 20. Let u(d) = -4*i(d) - 11*m(d). Let b be -1*1 + 16/2. What are the prime factors of u(b)?
2, 5
Let p be 6/(2 + 9/(-6)). Suppose -3*l + 22 = f, 5*f - p = 5*l - 62. Suppose v - 4*b = 3*v - 26, -b = v - l. List the prime factors of v.
3
Suppose 1008 = 5*j - 772. List the prime factors of j.
2, 89
Let r(c) = -c**2 + 14*c + 14. List the prime factors of r(14).
2, 7
Suppose -2*g + 101 = 3*u, u + 120 = 5*g - 90. Suppose 0 = r - 4*l - 26, -5*r + g = l - 3. What are the prime factors of r?
2, 5
Let s = 1 + 3. Let n(t) = 4*t - t - 3 + s + 2*t**2. What are the prime factors of n(-2)?
3
Suppose -3*r - 126 = -6*r. What are the prime factors of r?
2, 3, 7
Suppose -3*h + 0 + 6 = 0. Suppose h*t = 3*t - 5. What are the prime factors of t?
5
Suppose 4*r = r + 39. Let i = 21 - r. Suppose 0 = -2*q - i + 2, 5*q - 5 = -2*j. What are the prime factors of j?
2, 5
Let b(r) = r**2 - 9*r + 12. Let t be (-2)/8 - (-99)/12. What are the prime factors of b(t)?
2
Let b(i) = i**2 + 2*i - 5. Let g be b(4). Suppose 16 = 5*k - g. List the prime factors of k.
7
Let u(v) be the second derivative of v**4/12 + 5*v**3/6 - 2*v**2 + 2*v. Let n be u(-6). Suppose n = -g + 5. List the prime factors of g.
3
Suppose -5*v - 34 = 81. Let m = v - -32. Let o(d) = d**3 - 8*d**2 - 8*d - 6. What are the prime factors of o(m)?
3
Let y = 1 + 7. Suppose -3*b + y*b = 80. List the prime factors of b.
2
Let r = -3 + -1. Let m be 1/(r/6)*-2. Suppose -3*c + i = -25, -c - m*i + 4 = -11. What are the prime factors of c?
3
Suppose 2*i